. Does 24 divide d?
False
Let v be (-2 + 21/9)*3. Let l be (-2*v)/((-20)/30). Suppose 68 = 5*d - l*d. Is d a multiple of 17?
True
Let t(y) = 18*y**2 - 8*y - 20. Is t(-4) a multiple of 15?
True
Let t be 2 + (1/(-2)*-10 - 1). Let i = -177 + 415. Is i/t - (-1)/3 a multiple of 20?
True
Suppose -5*g - 9 = 21. Let s(f) = -4*f**3 - 8*f**2 + 2*f + 5. Let d(t) = -3*t**3 - 7*t**2 + 3*t + 4. Let o(r) = 3*d(r) - 2*s(r). Is o(g) even?
True
Suppose -170 = -s - 2*z, 0 = -3*z + 1 - 4. Suppose 5*q = 9*q - s. Is q + 4/(-12)*-9 a multiple of 15?
False
Let w(h) = 117*h**2 - 4*h - 4. Is 114 a factor of w(2)?
True
Let a(f) = -11*f**3 - 4*f**2 + f + 6. Is a(-3) a multiple of 6?
True
Let b(d) be the first derivative of d**3/3 + d**2/2 - 12*d + 37. Is b(-5) a multiple of 4?
True
Is 15 a factor of (11/(44/(-24)))/((-3)/166)?
False
Let p be (555/(-9))/(1/(-3)). Suppose -p = -11*s + 6*s. Does 21 divide s?
False
Let o = -45 - -45. Suppose o = -2*c + 3*r + 23, -c - 3*c + 5*r = -41. Is 4 a factor of c?
True
Suppose k = -k + 4*w + 1002, -w = 5*k - 2450. Is 16 a factor of k?
False
Suppose 0 = -9*z + 330 + 453. Is 2 a factor of z?
False
Let x(z) = z**3 - 4*z**2 - 7*z - 3. Suppose 6*o + 39 = 3*o. Let r be (-4)/(-8)*(-1 - o). Is 9 a factor of x(r)?
True
Suppose -2*y = 3*p - 77 - 31, 8 = 4*p. Does 2 divide y?
False
Let v = 33 + -36. Is (-1 - -19)*(-2 + (-7)/v) a multiple of 3?
True
Let w be (-27)/63 - (-30)/21. Let a(s) = 71*s**2 - 1. Does 30 divide a(w)?
False
Let w = -2656 + 4367. Does 60 divide w?
False
Let z = 14 + 13. Suppose z*r = 24*r + 36. Is 3 a factor of r?
True
Let u(h) = 8*h - 14. Let m be u(12). Suppose -m - 114 = -7*b. Does 6 divide b?
False
Let m(k) be the second derivative of k**3/6 + 5*k**2/2 + k. Let d be m(5). Let l(j) = 5*j - 6. Does 22 divide l(d)?
True
Let q be 51/5 + 2/(-10). Suppose g = -2*c + 13, -2*c + q = 4*g - 0*g. Let b = c + 27. Is 18 a factor of b?
False
Let p = -62 + 21. Let b = p - -80. Is 8 a factor of b?
False
Suppose 207*h = 259*h - 178464. Is 33 a factor of h?
True
Let g(y) = -y**3 + 16*y**2 + 36*y + 2. Let f be g(18). Suppose x - 94 = -4*w, f*x - 5*w = -2*w + 177. Does 18 divide x?
True
Let f be ((-1)/1)/((-7)/(-231)). Is f/6*-2 - 10/5 a multiple of 2?
False
Let j(c) = -c**2 + 21*c - 2. Let d be j(11). Suppose -d = -20*x + 16*x. Is 9 a factor of x?
True
Let h(y) = -y**3 + 25*y**2 - 9*y - 46. Does 23 divide h(23)?
True
Suppose -2*l + 310 = -5*p, 2*l + 83 = -p + 405. Is 32 a factor of l?
True
Suppose 5*s + 20 = 7*s. Is 5 a factor of 306/s - (2 + 21/(-15))?
True
Is 6 a factor of (-17898)/(-15) + 12/(-360)*6?
False
Let p be (-3)/9 - 56/3. Let n = 33 + p. Suppose n - 462 = -7*m. Is m a multiple of 16?
True
Suppose 0*m + 4*m - 454 = -2*r, -115 = -m - r. Is m a multiple of 4?
True
Let a(x) = x**2 - 77*x + 238. Let t be a(74). Let k(q) = 2*q**2 + 5*q**3 - 4*q**3 - 18*q**2 + 8*q - 24. Does 23 divide k(t)?
False
Let y(o) be the first derivative of -15*o**2/2 - 23*o - 40. Is y(-5) a multiple of 13?
True
Let s(d) = d**3 - 9*d**2 + 3*d - 21. Let i = -48 + 57. Is 2 a factor of s(i)?
True
Suppose 0 = -r - 2*r - 24. Let s(a) = -39*a. Let w be s(r). Suppose -u - w = -4*k + u, 2*k - 156 = 3*u. Is 16 a factor of k?
False
Suppose 119 - 7 = 7*i. Suppose 2005 = i*o + 165. Is o a multiple of 23?
True
Let w(g) be the first derivative of g**6/360 - g**5/60 - 3*g**4/8 - 10*g**3/3 - 14. Let y(v) be the third derivative of w(v). Does 6 divide y(5)?
True
Let s(r) = -6*r**3 - 6*r**2 - 11*r - 3. Is 9 a factor of s(-3)?
False
Suppose 4*l = l, -5*p = 3*l + 3570. Does 12 divide (-12)/(-20) - (p/5)/2?
True
Let h = 25 + -23. Is ((-245)/(-10))/(h/4) a multiple of 8?
False
Is 2 - (-80)/(-42) - 25818/(-126) a multiple of 9?
False
Suppose 2*q - 22 = -0*q - 4*g, 4*q = -4*g + 40. Suppose q = 5*f - 191. Is f a multiple of 8?
True
Let m(k) = k**2 + 6*k + 12. Let h = 21 + -30. Let u be m(h). Let l = u + -11. Is 15 a factor of l?
False
Suppose 0 = -13*w + 6759 + 4447. Does 42 divide w?
False
Let w(y) = 28*y**2 - 11*y - 8. Is 20 a factor of w(5)?
False
Let j = 584 + -850. Let b = 579 + j. Is 15 a factor of b?
False
Suppose 0 = -2*p + 3*z - 15, p + 3*p + 2*z - 10 = 0. Suppose 2*d = -3*l - 42, 4*d - 3*l + 2*l + 84 = p. Is 8/6*d/(-2) a multiple of 9?
False
Suppose 9 = 2*d + 3. Suppose -d*q + 17 = -5*s, 0 = -2*s - 3 + 1. Suppose 0 = v + 1, 5*n = n + q*v + 72. Does 5 divide n?
False
Let r(k) be the second derivative of -k**5/20 + 13*k**4/12 + 5*k**3/6 - 5*k**2 + 19*k. Does 12 divide r(13)?
False
Suppose 2*h + 3*z = 6571, -3*h + 46*z = 41*z - 9885. Is h a multiple of 94?
True
Suppose 3*c = 450 - 120. Is c a multiple of 10?
True
Suppose -1420*o + 232 = -1418*o. Is o a multiple of 4?
True
Suppose 0 = u - 3*s - 35, 4*u - u - 5*s = 101. Let g be 2/(-5) + 1572/30. Let w = g - u. Is w a multiple of 10?
True
Suppose -3*f = -3, 151 = 4*g + 3*f - 80. Suppose -y - 5*k = 22 - g, 4*k + 44 = y. Is y a multiple of 6?
False
Is 82 a factor of ((-28)/8 + -14)*360/(-14)?
False
Let i(a) = 24*a**2 + 4*a - 1. Is 18 a factor of i(-10)?
False
Suppose -3*j - 2*w + 3152 = 0, 0 = -2*j + 10*w - 12*w + 2102. Does 50 divide j?
True
Suppose -y = 3*y + 3*v - 2583, -643 = -y + 2*v. Is 43 a factor of y?
True
Suppose -2*d + 344 + 2354 = 0. Is d a multiple of 15?
False
Suppose 4*r - 2 - 6 = 4*f, 3*r = 4*f + 5. Suppose -85 = -h + 4*a, 149 + 126 = 4*h - r*a. Is 13 a factor of h?
True
Let m(r) = 12*r**2 - r - 1. Let i be m(2). Suppose 2*t + 10 = 0, -2*u - 4*t - i = -7*u. Is u a multiple of 3?
False
Is (-435)/(-58)*((-4629)/(-9) - -3) a multiple of 20?
True
Let c(n) = n + 8. Suppose 9 = -3*y - 9. Let j be c(y). Suppose -2*s + 4*s - 36 = f, -5*s - j*f + 81 = 0. Is s a multiple of 12?
False
Let i(b) be the first derivative of 2*b**3/3 - 5*b**2/2 - b - 12. Let q be i(4). Let d = q - -104. Is 20 a factor of d?
False
Let t = -198 - -1264. Does 16 divide t?
False
Let b be 1 + (-4 - -1) + 4. Suppose -v - 183 = -b*l, 0*l - 5*v = l - 108. Let w = -27 + l. Does 22 divide w?
True
Suppose -2*s + 2*m = -2514, 5*m = s - 1188 - 57. Does 7 divide s?
True
Suppose -5*h = -4*g + 340, 3*g + 2*g - 434 = 4*h. Suppose -z = 4*w + 3, 0 = 5*z + w - 0*w - 23. Suppose g = -z*b + 255. Is 7 a factor of b?
False
Let y be 61 + 3 + -4 + -2. Suppose 92 = g - y. Does 17 divide g?
False
Let t(i) = 35*i + 19. Let n be t(7). Suppose 3*d + n = 5*d - w, 0 = w. Does 33 divide d?
True
Is (2115/(-12))/(18/(-6))*24 a multiple of 6?
True
Let i be 2/(-3) + (-8)/(-12). Suppose 0 = 2*r - 5*r + 39. Let z = r - i. Is 4 a factor of z?
False
Suppose 4*f + 165 = 3*c - 31, 5*c - 3*f = 323. Is 16 a factor of c?
True
Let v(j) = 3*j + 2*j + 3*j - 6*j + 3 - j**2. Let s be v(0). Suppose -5*u + 86 = -s*g, -5*g = 4*u - 0*g - 54. Is u a multiple of 16?
True
Let u(x) = 165*x**2 + 4*x + 3. Let c be u(-2). Let l be c/15 + 4/(-6). Let y = l + -24. Is y a multiple of 6?
False
Let c = 89 + -44. Suppose c = v - 8. Is 8 a factor of v?
False
Is 71/4 - -3 - 3/(-12) even?
False
Let i(v) = v**3 + 12*v**2 - 2*v - 15. Let m be i(-12). Let p(u) = u**2 - 6*u - u + m*u + 4*u + 1. Does 15 divide p(-8)?
False
Suppose 0 = -5*k - 15, 5*r + 4*k = 3*k + 1167. Is 5 a factor of r?
False
Suppose -2*o - 2*p + 926 = 2*p, p = -3*o + 1379. Does 17 divide o?
True
Suppose -13*r = -11*r - 6. Suppose -35 = -3*f - r*m + 4, -5*f = -3*m - 57. Is f a multiple of 12?
True
Suppose -7 = 4*q - 15. Suppose -7*n + 3*n + 52 = q*l, l = 3*n + 31. Is 4 a factor of l?
True
Let t(f) = 43*f**2 + 9*f - 15. Is 7 a factor of t(2)?
True
Let h be -188*((-5)/(-10) - 1). Let v = 180 - h. Does 8 divide v?
False
Suppose 3340 = 5*b - 24*n + 22*n, 0 = 4*b - 5*n - 2655. Is b even?
True
Suppose 13*f - 58 + 6 = 0. Suppose -3*t + 360 = 2*r, -463 = -4*t - r + f*r. Does 43 divide t?
False
Let k(p) = 5*p**2 - 4*p + 7. Suppose 5*i = 7*c - 3*c + 5, -4*i + 2*c - 2 = 0. Is 16 a factor of k(i)?
True
Let g(y) be the second derivative of 11*y**4/6 - 2*y**3/3 + 2*y**2 - 7*y. Let t(j) be the first derivative of g(j). Is 28 a factor of t(2)?
True
Suppose -2*f - 2*v = 14, -3*v + 21 = -3*f - v. Let z be (-2)/f - 280/(-49). Is 100/z*48/40 a multiple of 20?
True
Let x(b) = b**2 + 2*b + 1. Let o be x(-4). Suppose -14*z = -17*z + o. Suppose 4*g - 122 = -z*f, -2*g + 30 - 222 = -4*f. Is 8 a factor of f?
False
Let a = 1578 + 1080. Is 12 a factor of a?
False
Suppose -5*f - 11